{"id":761,"date":"2019-08-04T13:54:53","date_gmt":"2019-08-04T01:54:53","guid":{"rendered":"http:\/\/zirkvandenberg.com\/?page_id=761"},"modified":"2023-02-12T15:17:25","modified_gmt":"2023-02-12T02:17:25","slug":"kortverhale","status":"publish","type":"page","link":"https:\/\/zirkvandenberg.com\/index.php\/kortverhale\/","title":{"rendered":"Kortverhale"},"content":{"rendered":"<p>My eerste gepubliseerde werk was \u0149 kortverhaal, in <em>Huisgenoot<\/em> toe ek nog \u0149 tiener was. My eerste boek was \u0149 bundel kortverhale, tien jaar later. Heelparty van my verhale is oor die jare in versamelbundels opgeneem en die kort storietjie &#8220;Eendag dag ek ek sien bloed&#8221; het geblyk &#8216;n kanniedood te wees wat eintlik nog heeltyd in druk is. Ek het nooit heeltemal opgehou kortverhale skryf nie. Hieronder is \u0149 samevatting.<\/p>\n<figure id=\"attachment_768\" aria-describedby=\"caption-attachment-768\" style=\"width: 300px\" class=\"wp-caption alignright\"><img decoding=\"async\" loading=\"lazy\" class=\"wp-image-768 size-medium\" src=\"http:\/\/zirkvandenberg.com\/wp-content\/uploads\/2019\/08\/IMG_20190805_141757205-300x245.jpg\" alt=\"\" width=\"300\" height=\"245\" srcset=\"https:\/\/zirkvandenberg.com\/wp-content\/uploads\/2019\/08\/IMG_20190805_141757205-300x245.jpg 300w, https:\/\/zirkvandenberg.com\/wp-content\/uploads\/2019\/08\/IMG_20190805_141757205-768x627.jpg 768w, https:\/\/zirkvandenberg.com\/wp-content\/uploads\/2019\/08\/IMG_20190805_141757205-1024x835.jpg 1024w, https:\/\/zirkvandenberg.com\/wp-content\/uploads\/2019\/08\/IMG_20190805_141757205-940x767.jpg 940w, https:\/\/zirkvandenberg.com\/wp-content\/uploads\/2019\/08\/IMG_20190805_141757205-500x408.jpg 500w\" sizes=\"(max-width: 300px) 100vw, 300px\" \/><figcaption id=\"caption-attachment-768\" class=\"wp-caption-text\">My kortverhale het in diverse bundels verskyn, onder meer hierdie klompie.<\/figcaption><\/figure>\n<h3>Gepubliseerde kortverhale<\/h3>\n<p>Die moontlikheid \u2013 <em>Huisgenoot<\/em>, 1979.<\/p>\n<p>Ballerina \u2013 <em>Huisgenoot<\/em>, 1979 se koers.<\/p>\n<p>Kortverhaalbundel: <strong><a href=\"http:\/\/zirkvandenberg.com\/index.php\/af\/boeke\/ekstra-dun-vir-meer-gevoel\/\"><em>Ekstra dun vir meer gevoel<\/em><\/a><\/strong>, Tafelberg, 1989<\/p>\n<p>Simon se pa \u2013 jeugstorie in <em>Storieboom<\/em>, Jutalit, 1989 en <em>\u0149 Rooie met ratte<\/em>, Jutalit, 1990.<\/p>\n<p>Die nuwe bal \u2013 jeugstorie in <em>Storieboom<\/em>, Jutalit, 1989 en <em>\u0149 Rooie met ratte<\/em>, Jutalit, 1990.<\/p>\n<p>Rook verbode \u2013 <em>Kort-kort,<\/em> JP van der Walt, 1990.<\/p>\n<p>Sewe soorte stront\u00a0 \u2013 <em>Kort-kort,<\/em> JP van der Walt, 1990.<\/p>\n<p>Henkie se storie \u2013 <em>Die wond en ander verhale<\/em>, HAUM-Liter\u00ear, 1992<\/p>\n<p>Die Kaapse nooi s\u00ea tiengeliengelieng \u2013 <em>Bloots<\/em>, Tafelberg, 2012<\/p>\n<p>Die bakker se dogter\/die melkman se seun \u2013 <em>Bloots<\/em>, Tafelberg, 2012<\/p>\n<p>Kus van die dood \u2013 <em>Rapport<\/em>, 2013<\/p>\n<p>Braaiboet \u2013 <em>Op die spoor van<\/em>, Tafelberg, 2017<\/p>\n<p>Giraf \u2013 <em>Vrouekeur<\/em>, 2019 (en weer in die bundel <em>Ver in die w\u00eareld<\/em>, 2023)<\/p>\n<p>Tussen niks en n\u00earens \u2013<em> Vrouekeur<\/em>, 2019<\/p>\n<p>Ver in die w\u00eareld \u2013 <em>Huisgenoot<\/em>, 2019 (Hierdie een het niks met die latere bundel met dieselfde titel te doen nie.)<\/p>\n<p>Die hoof van die huis \u2013 <em>Vrouekeur<\/em>, 2019<\/p>\n<p>Middelkolletjie \u2013 <em>Vrouekeur<\/em>, 2019<\/p>\n<p>Lam man \u2013 <em>Die groot Afrikaanse prosaboek<\/em>, Human &amp; Rousseau, 2019<\/p>\n<p>Greep \u2013 <em>Litnet<\/em>, 2020<\/p>\n<p>Onse mense &#8211;\u00a0<em>Ver in die w\u00eareld<\/em>, 2023<\/p>\n","protected":false},"excerpt":{"rendered":"<p>My eerste gepubliseerde werk was \u0149 kortverhaal, in Huisgenoot toe ek nog \u0149 tiener was. My eerste boek was \u0149&#8230;<\/p>\n","protected":false},"author":1,"featured_media":0,"parent":0,"menu_order":0,"comment_status":"closed","ping_status":"closed","template":"","meta":{"_mi_skip_tracking":false,"_monsterinsights_sitenote_active":false,"_monsterinsights_sitenote_note":"","_monsterinsights_sitenote_category":0},"aioseo_notices":[],"_links":{"self":[{"href":"https:\/\/zirkvandenberg.com\/index.php\/wp-json\/wp\/v2\/pages\/761"}],"collection":[{"href":"https:\/\/zirkvandenberg.com\/index.php\/wp-json\/wp\/v2\/pages"}],"about":[{"href":"https:\/\/zirkvandenberg.com\/index.php\/wp-json\/wp\/v2\/types\/page"}],"author":[{"embeddable":true,"href":"https:\/\/zirkvandenberg.com\/index.php\/wp-json\/wp\/v2\/users\/1"}],"replies":[{"embeddable":true,"href":"https:\/\/zirkvandenberg.com\/index.php\/wp-json\/wp\/v2\/comments?post=761"}],"version-history":[{"count":12,"href":"https:\/\/zirkvandenberg.com\/index.php\/wp-json\/wp\/v2\/pages\/761\/revisions"}],"predecessor-version":[{"id":1048,"href":"https:\/\/zirkvandenberg.com\/index.php\/wp-json\/wp\/v2\/pages\/761\/revisions\/1048"}],"wp:attachment":[{"href":"https:\/\/zirkvandenberg.com\/index.php\/wp-json\/wp\/v2\/media?parent=761"}],"curies":[{"name":"wp","href":"https:\/\/api.w.org\/{rel}","templated":true}]}}